{"id":445,"date":"2009-11-01T17:57:18","date_gmt":"2009-11-01T16:57:18","guid":{"rendered":"http:\/\/ngc1997.fr\/Astrophotographie\/?page_id=445"},"modified":"2009-11-01T19:58:52","modified_gmt":"2009-11-01T18:58:52","slug":"cosmons","status":"publish","type":"page","link":"http:\/\/ngc1997.fr\/Astrophotographie\/album-photo\/rencontres-astronomiques\/cosmons","title":{"rendered":"Cosmons"},"content":{"rendered":"<p>Quelques photos r\u00e9alis\u00e9es lors de la manifestation Cosmons, situ\u00e9e \u00e0 <a href=\"http:\/\/maps.google.fr\/maps?f=q&amp;source=s_q&amp;hl=fr&amp;geocode=&amp;q=mons,+var&amp;sll=50.453333,3.948737&amp;sspn=0.351065,0.920792&amp;gl=fr&amp;g=Mons&amp;ie=UTF8&amp;hq=&amp;hnear=Mons,+Var,+Provence-Alpes-C%C3%B4te+d%27Azur&amp;ll=43.691025,6.715436&amp;spn=0.024918,0.057549&amp;t=h&amp;z=15\" target=\"_blank\">Mons<\/a> dans le Var.<\/p>\n<p>Cette manifestation organis\u00e9e par l&rsquo;association P\u00e9gase en \u00e9tait \u00e0 sa 18\u00e8me \u00e9dition en 2009.<\/p>\nngg_shortcode_0_placeholder\n<p>D&rsquo;autres images sont disponibles sur une page du forum Astrosurf :<\/p>\n<p><a href=\"http:\/\/www.astrosurf.com\/ubb\/Forum13\/HTML\/001671.html\" target=\"_blank\">http:\/\/www.astrosurf.com\/ubb\/Forum13\/HTML\/001671.html<\/a><\/p>\n","protected":false},"excerpt":{"rendered":"<p>Quelques photos r\u00e9alis\u00e9es lors de la manifestation Cosmons, situ\u00e9e \u00e0 Mons dans le Var. Cette manifestation organis\u00e9e par l&rsquo;association P\u00e9gase en \u00e9tait \u00e0 sa 18\u00e8me \u00e9dition en 2009. D&rsquo;autres images sont disponibles sur une page du forum Astrosurf : http:\/\/www.astrosurf.com\/ubb\/Forum13\/HTML\/001671.html<\/p>\n","protected":false},"author":2,"featured_media":0,"parent":415,"menu_order":0,"comment_status":"open","ping_status":"open","template":"","meta":{"ngg_post_thumbnail":0,"jetpack_post_was_ever_published":false,"footnotes":""},"class_list":["post-445","page","type-page","status-publish","hentry","nodate","item-wrap"],"jetpack_sharing_enabled":true,"jetpack_shortlink":"https:\/\/wp.me\/P9djkl-7b","jetpack_likes_enabled":true,"jetpack-related-posts":[],"_links":{"self":[{"href":"http:\/\/ngc1997.fr\/Astrophotographie\/wp-json\/wp\/v2\/pages\/445"}],"collection":[{"href":"http:\/\/ngc1997.fr\/Astrophotographie\/wp-json\/wp\/v2\/pages"}],"about":[{"href":"http:\/\/ngc1997.fr\/Astrophotographie\/wp-json\/wp\/v2\/types\/page"}],"author":[{"embeddable":true,"href":"http:\/\/ngc1997.fr\/Astrophotographie\/wp-json\/wp\/v2\/users\/2"}],"replies":[{"embeddable":true,"href":"http:\/\/ngc1997.fr\/Astrophotographie\/wp-json\/wp\/v2\/comments?post=445"}],"version-history":[{"count":0,"href":"http:\/\/ngc1997.fr\/Astrophotographie\/wp-json\/wp\/v2\/pages\/445\/revisions"}],"up":[{"embeddable":true,"href":"http:\/\/ngc1997.fr\/Astrophotographie\/wp-json\/wp\/v2\/pages\/415"}],"wp:attachment":[{"href":"http:\/\/ngc1997.fr\/Astrophotographie\/wp-json\/wp\/v2\/media?parent=445"}],"curies":[{"name":"wp","href":"https:\/\/api.w.org\/{rel}","templated":true}]}}

<p>Quelques photos réalisées lors de la manifestation Cosmons, située à <a href="http://maps.google.fr/maps?f=q&amp;source=s_q&amp;hl=fr&amp;geocode=&amp;q=mons,+var&amp;sll=50.453333,3.948737&amp;sspn=0.351065,0.920792&amp;gl=fr&amp;g=Mons&amp;ie=UTF8&amp;hq=&amp;hnear=Mons,+Var,+Provence-Alpes-C%C3%B4te+d%27Azur&amp;ll=43.691025,6.715436&amp;spn=0.024918,0.057549&amp;t=h&amp;z=15" target="_blank">Mons</a> dans le Var.</p>
<p>Cette manifestation organisée par l&rsquo;association Pégase en était à sa 18ème édition en 2009.</p>
ngg_shortcode_0_placeholder
<p>D&rsquo;autres images sont disponibles sur une page du forum Astrosurf :</p>
<p><a href="http://www.astrosurf.com/ubb/Forum13/HTML/001671.html" target="_blank">http://www.astrosurf.com/ubb/Forum13/HTML/001671.html</a></p>

<p>Quelques photos réalisées lors de la manifestation Cosmons, située à Mons dans le Var. Cette manifestation organisée par l&rsquo;association Pégase en était à sa 18ème édition en 2009. D&rsquo;autres images sont disponibles sur une page du forum Astrosurf : http://www.astrosurf.com/ubb/Forum13/HTML/001671.html</p>
